{"id":398,"date":"2023-10-23T23:20:51","date_gmt":"2023-10-23T21:20:51","guid":{"rendered":"http:\/\/m4wind1.home.pl\/autoinstalator\/wordpress\/?page_id=398"},"modified":"2025-12-12T13:08:37","modified_gmt":"2025-12-12T12:08:37","slug":"meet-the-team-2","status":"publish","type":"page","link":"https:\/\/omegawind.pl\/index.php\/meet-the-team-2\/","title":{"rendered":"Meet The Team"},"content":{"rendered":"<p>[et_pb_section fb_built=&#8221;1&#8243; custom_padding_last_edited=&#8221;off|desktop&#8221; admin_label=&#8221;Header&#8221; _builder_version=&#8221;4.16&#8243; background_color_gradient_direction=&#8221;188deg&#8221; background_enable_image=&#8221;off&#8221; parallax=&#8221;on&#8221; width=&#8221;100%&#8221; max_width=&#8221;100%&#8221; custom_padding=&#8221;27px||31px||false|false&#8221; custom_padding_tablet=&#8221;5vw||5vw||true&#8221; global_colors_info=&#8221;{}&#8221;][et_pb_row column_structure=&#8221;2_5,3_5&#8243; _builder_version=&#8221;4.22.1&#8243; _module_preset=&#8221;default&#8221; width=&#8221;100%&#8221; global_colors_info=&#8221;{}&#8221;][et_pb_column type=&#8221;2_5&#8243; _builder_version=&#8221;4.22.1&#8243; _module_preset=&#8221;default&#8221; global_colors_info=&#8221;{}&#8221;][et_pb_image src=&#8221;https:\/\/omegawind.pl\/wp-content\/uploads\/2023\/10\/meet.webp&#8221; title_text=&#8221;meet&#8221; align_tablet=&#8221;&#8221; align_phone=&#8221;center&#8221; align_last_edited=&#8221;on|phone&#8221; _builder_version=&#8221;4.23.1&#8243; _module_preset=&#8221;default&#8221; use_background_color_gradient=&#8221;on&#8221; width=&#8221;83%&#8221; global_colors_info=&#8221;{}&#8221;][\/et_pb_image][\/et_pb_column][et_pb_column type=&#8221;3_5&#8243; _builder_version=&#8221;4.22.1&#8243; _module_preset=&#8221;default&#8221; global_colors_info=&#8221;{}&#8221;][et_pb_text _builder_version=&#8221;4.23.1&#8243; _module_preset=&#8221;default&#8221; header_text_align=&#8221;left&#8221; header_text_color=&#8221;#0C71C3&#8243; header_2_text_align=&#8221;left&#8221; header_2_text_color=&#8221;#ffffff&#8221; header_2_font_size=&#8221;60px&#8221; background_color=&#8221;#0c71c3&#8243; custom_margin=&#8221;0%|15%||-10%|false|false&#8221; custom_margin_tablet=&#8221;0%|15%||-10%|false|false&#8221; custom_margin_phone=&#8221;0%|0%||0%|false|false&#8221; custom_margin_last_edited=&#8221;on|phone&#8221; custom_padding=&#8221;15px||15px||false|false&#8221; header_2_text_align_tablet=&#8221;left&#8221; header_2_text_align_phone=&#8221;center&#8221; header_2_text_align_last_edited=&#8221;on|phone&#8221; global_colors_info=&#8221;{}&#8221;]<\/p>\n<h2>Meet The Team<\/h2>\n<p>[\/et_pb_text][et_pb_text _builder_version=&#8221;4.23.1&#8243; _module_preset=&#8221;default&#8221; header_3_font_size=&#8221;30px&#8221; width=&#8221;100%&#8221; max_width=&#8221;100%&#8221; custom_padding=&#8221;15px||15px|5px|false|false&#8221; custom_padding_tablet=&#8221;15px||15px|5px|false|false&#8221; custom_padding_phone=&#8221;|15px||15px|false|false&#8221; custom_padding_last_edited=&#8221;on|phone&#8221; box_shadow_style=&#8221;preset4&#8243; box_shadow_horizontal=&#8221;-62px&#8221; box_shadow_vertical=&#8221;18px&#8221; box_shadow_color=&#8221;#f1f1f1&#8243; global_colors_info=&#8221;{}&#8221;]<\/p>\n<h3>Zesp\u00f3\u0142 Zarz\u0105dzaj\u0105cy Projektami<\/h3>\n<p style=\"text-align: justify;\">W Omega Wind rozumiemy, \u017ce wiatrowe projekty instalacyjne s\u0105 wynikiem skrupulatnego planowania, p\u0142ynnej koordynacji i niezachwianego zaanga\u017cowania w ich jako\u015b\u0107. Dlatego z dum\u0105 przedstawiamy nasz dedykowany Zesp\u00f3\u0142 Zarz\u0105dzania Projektami, grup\u0119 profesjonalist\u00f3w, kt\u00f3rzy stoj\u0105 na czele ka\u017cdego realizowanego przez nas projektu. Poznaj ekspert\u00f3w, kt\u00f3rzy zadbaj\u0105 o ka\u017cdy projekt.<\/p>\n<p style=\"text-align: justify;\">Nasz zesp\u00f3\u0142 kieruje si\u0119 podej\u015bciem skoncentrowanym na Kliencie. Wierzymy w otwart\u0105 komunikacj\u0119, przejrzysto\u015b\u0107 i dostosowywanie naszych us\u0142ug do unikalnych potrzeb Klienta. Sukces projektu jest naszym ostatecznym celem i dok\u0142adamy wszelkich stara\u0144, aby go urzeczywistni\u0107.<\/p>\n<p style=\"text-align: justify;\">Od momentu rozpocz\u0119cia projektu nasz zesp\u00f3\u0142 i eksperci s\u0105 do dyspozycji, aby nadzorowa\u0107 ka\u017cdy aspekt instalacji. Skrupulatnie planujemy, harmonogramujemy i monitorujemy wszystkie dzia\u0142ania, zapewniaj\u0105c, \u017ce projekt przebiega zgodnie z planem i mie\u015bci si\u0119 w bud\u017cecie.<\/p>\n<p style=\"text-align: justify;\">To, co wyr\u00f3\u017cnia nas na tle konkurencji, to elastyczno\u015b\u0107, zaanga\u017cowanie w bezpiecze\u0144stwo, jako\u015b\u0107 i zr\u00f3wnowa\u017cony rozw\u00f3j \u015brodowiska. Stosujemy najnowsze i najlepsze praktyki bran\u017cowe, aby zmaksymalizowa\u0107 wydajno\u015b\u0107 i zminimalizowa\u0107 wp\u0142yw na \u015brodowisko.<\/p>\n<p style=\"text-align: justify;\">Rozumiemy, \u017ce ka\u017cdy projekt instalacji turbiny wiatrowej jest wyj\u0105tkowy. Nasz Zesp\u00f3\u0142 Zarz\u0105dzania Projektami stawia czo\u0142a wyzwaniom, oferuj\u0105c kreatywne rozwi\u0105zania wszelkich nieprzewidzianych problem\u00f3w. Utrzymujemy r\u00f3wnie\u017c jasne kana\u0142y komunikacji z Klientem, dzi\u0119ki czemu ka\u017cda zaanga\u017cowana osoba jest na bie\u017c\u0105co.<\/p>\n<p>[\/et_pb_text][\/et_pb_column][\/et_pb_row][et_pb_row _builder_version=&#8221;4.22.1&#8243; _module_preset=&#8221;default&#8221; global_colors_info=&#8221;{}&#8221;][et_pb_column type=&#8221;4_4&#8243; _builder_version=&#8221;4.22.1&#8243; _module_preset=&#8221;default&#8221; global_colors_info=&#8221;{}&#8221;][et_pb_text _builder_version=&#8221;4.22.1&#8243; _module_preset=&#8221;default&#8221; border_color_all=&#8221;rgba(12,113,195,0.5)&#8221; border_width_bottom=&#8221;2px&#8221; global_colors_info=&#8221;{}&#8221;]<\/p>\n<h3>Installation Management:<\/h3>\n<p>[\/et_pb_text][\/et_pb_column][\/et_pb_row][et_pb_row column_structure=&#8221;1_3,1_3,1_3&#8243; _builder_version=&#8221;4.22.1&#8243; _module_preset=&#8221;default&#8221; global_colors_info=&#8221;{}&#8221;][et_pb_column type=&#8221;1_3&#8243; _builder_version=&#8221;4.22.1&#8243; _module_preset=&#8221;default&#8221; global_colors_info=&#8221;{}&#8221;][et_pb_team_member name=&#8221;Artur Stasiak&#8221; position=&#8221;Installation Manager&#8221; image_url=&#8221;https:\/\/omegawind.pl\/wp-content\/uploads\/2023\/10\/man_1.webp&#8221; _builder_version=&#8221;4.23.1&#8243; _module_preset=&#8221;default&#8221; text_orientation=&#8221;center&#8221; width=&#8221;100%&#8221; max_width=&#8221;100%&#8221; global_colors_info=&#8221;{}&#8221;][\/et_pb_team_member][\/et_pb_column][et_pb_column type=&#8221;1_3&#8243; _builder_version=&#8221;4.22.1&#8243; _module_preset=&#8221;default&#8221; global_colors_info=&#8221;{}&#8221;][et_pb_team_member name=&#8221;Dawid Pa\u015b&#8221; position=&#8221;Installation Manager&#8221; image_url=&#8221;https:\/\/omegawind.pl\/wp-content\/uploads\/2023\/10\/man_1.webp&#8221; _builder_version=&#8221;4.23.1&#8243; _module_preset=&#8221;default&#8221; text_orientation=&#8221;center&#8221; width=&#8221;100%&#8221; max_width=&#8221;100%&#8221; global_colors_info=&#8221;{}&#8221;][\/et_pb_team_member][\/et_pb_column][et_pb_column type=&#8221;1_3&#8243; _builder_version=&#8221;4.22.1&#8243; _module_preset=&#8221;default&#8221; global_colors_info=&#8221;{}&#8221;][et_pb_team_member name=&#8221;Krystian Stasiak&#8221; position=&#8221;Installation Manager&#8221; image_url=&#8221;https:\/\/omegawind.pl\/wp-content\/uploads\/2023\/10\/man_1.webp&#8221; _builder_version=&#8221;4.23.1&#8243; _module_preset=&#8221;default&#8221; text_orientation=&#8221;center&#8221; width=&#8221;100%&#8221; max_width=&#8221;100%&#8221; global_colors_info=&#8221;{}&#8221;][\/et_pb_team_member][\/et_pb_column][\/et_pb_row][et_pb_row _builder_version=&#8221;4.22.1&#8243; _module_preset=&#8221;default&#8221; global_colors_info=&#8221;{}&#8221;][et_pb_column type=&#8221;4_4&#8243; _builder_version=&#8221;4.22.1&#8243; _module_preset=&#8221;default&#8221; global_colors_info=&#8221;{}&#8221;][et_pb_text _builder_version=&#8221;4.22.1&#8243; _module_preset=&#8221;default&#8221; border_color_all=&#8221;rgba(12,113,195,0.5)&#8221; border_width_bottom=&#8221;2px&#8221; global_colors_info=&#8221;{}&#8221;]<\/p>\n<h3>Project Management Office:<\/h3>\n<p>[\/et_pb_text][\/et_pb_column][\/et_pb_row][et_pb_row column_structure=&#8221;1_3,1_3,1_3&#8243; _builder_version=&#8221;4.22.1&#8243; _module_preset=&#8221;default&#8221; custom_margin=&#8221;|418px||auto||&#8221; global_colors_info=&#8221;{}&#8221;][et_pb_column type=&#8221;1_3&#8243; _builder_version=&#8221;4.23.1&#8243; _module_preset=&#8221;default&#8221; global_colors_info=&#8221;{}&#8221;][et_pb_team_member name=&#8221;Maksym Jeziorny&#8221; position=&#8221;PMO Manager&#8221; image_url=&#8221;https:\/\/omegawind.pl\/wp-content\/uploads\/2023\/10\/man_1.webp&#8221; _builder_version=&#8221;4.23.1&#8243; _module_preset=&#8221;default&#8221; text_orientation=&#8221;center&#8221; width=&#8221;100%&#8221; max_width=&#8221;100%&#8221; hover_enabled=&#8221;0&#8243; global_colors_info=&#8221;{}&#8221; custom_margin=&#8221;0px|-97px||-97px|false|false&#8221; sticky_enabled=&#8221;0&#8243;][\/et_pb_team_member][\/et_pb_column][et_pb_column type=&#8221;1_3&#8243; _builder_version=&#8221;4.22.1&#8243; _module_preset=&#8221;default&#8221; global_colors_info=&#8221;{}&#8221;][et_pb_team_member name=&#8221;Artur Choroba&#8221; position=&#8221;Senior Project Manager&#8221; image_url=&#8221;https:\/\/omegawind.pl\/wp-content\/uploads\/2023\/10\/man_1.webp&#8221; _builder_version=&#8221;4.23.1&#8243; _module_preset=&#8221;default&#8221; text_orientation=&#8221;center&#8221; width=&#8221;100%&#8221; max_width=&#8221;100%&#8221; hover_enabled=&#8221;0&#8243; global_colors_info=&#8221;{}&#8221; custom_margin=&#8221;|-97px||-97px|false|false&#8221; sticky_enabled=&#8221;0&#8243;][\/et_pb_team_member][\/et_pb_column][et_pb_column type=&#8221;1_3&#8243; _builder_version=&#8221;4.22.1&#8243; _module_preset=&#8221;default&#8221; global_colors_info=&#8221;{}&#8221;][et_pb_team_member name=&#8221;Karol Szczepaniak&#8221; position=&#8221;Junior Project Manager&#8221; image_url=&#8221;https:\/\/omegawind.pl\/wp-content\/uploads\/2023\/10\/man_1.webp&#8221; _builder_version=&#8221;4.23.1&#8243; _module_preset=&#8221;default&#8221; text_orientation=&#8221;center&#8221; width=&#8221;100%&#8221; max_width=&#8221;100%&#8221; hover_enabled=&#8221;0&#8243; global_colors_info=&#8221;{}&#8221; custom_margin=&#8221;|-97px||-97px|false|false&#8221; sticky_enabled=&#8221;0&#8243;][\/et_pb_team_member][\/et_pb_column][\/et_pb_row][\/et_pb_section][et_pb_section fb_built=&#8221;1&#8243; admin_label=&#8221;Footer&#8221; _builder_version=&#8221;4.16&#8243; background_size=&#8221;initial&#8221; background_repeat=&#8221;repeat-y&#8221; custom_padding=&#8221;0px||10px|||&#8221; saved_tabs=&#8221;all&#8221; locked=&#8221;off&#8221; global_colors_info=&#8221;{}&#8221;][et_pb_row column_structure=&#8221;1_4,1_4,1_4,1_4&#8243; _builder_version=&#8221;4.23&#8243; global_module=&#8221;117&#8243; saved_tabs=&#8221;all&#8221; global_colors_info=&#8221;{}&#8221;][et_pb_column type=&#8221;1_4&#8243; _builder_version=&#8221;4.16&#8243; custom_padding=&#8221;|||&#8221; global_colors_info=&#8221;{}&#8221; custom_padding__hover=&#8221;|||&#8221;][et_pb_text _builder_version=&#8221;4.23.1&#8243; header_font_size=&#8221;33px&#8221; header_3_text_color=&#8221;#086192&#8243; header_3_font_size=&#8221;28px&#8221; locked=&#8221;off&#8221; global_colors_info=&#8221;{}&#8221;]<\/p>\n<h3>Adres<\/h3>\n<p>Omega Wind Sp. z o.o. Sp.k.<br \/>ul. Arko\u0144ska 36<br \/>71-470 Szczecin<br \/>NIP 851-324-45-27<br \/>(+48) 91 887 80 77<\/p>\n<p>[\/et_pb_text][\/et_pb_column][et_pb_column type=&#8221;1_4&#8243; _builder_version=&#8221;4.16&#8243; custom_padding=&#8221;|||&#8221; global_colors_info=&#8221;{}&#8221; custom_padding__hover=&#8221;|||&#8221;][et_pb_text _builder_version=&#8221;4.23&#8243; header_3_text_color=&#8221;#086192&#8243; header_3_font_size=&#8221;28px&#8221; locked=&#8221;off&#8221; global_colors_info=&#8221;{}&#8221;]<\/p>\n<h3>Menu<\/h3>\n<p><a href=\"\/index.php\/meet-the-team-2\/\">Meet The Team<\/a><br \/>\n<a href=\"\/index.php\/projekty\/\">Projekty<\/a><br \/>\n<a href=\"\/index.php\/core-values\/\">Core values<\/a><br \/>\n<a href=\"\/index.php\/services-2\/\">Services<\/a><br \/>\n<a href=\"\/index.php\/blog-2\/\">Blog<\/a><br \/>\n<a href=\"\/index.php\/kontakt\/\">Kontakt<\/a><br \/>\n<a href=\"https:\/\/omegawind2023-m4wind.kariera.pro\/#jobs%3Alocation%253D%255B%2522Szczecin%2522%255D\">Kariera<\/a>[\/et_pb_text][\/et_pb_column][et_pb_column type=&#8221;1_4&#8243; _builder_version=&#8221;4.16&#8243; custom_padding=&#8221;|||&#8221; global_colors_info=&#8221;{}&#8221; custom_padding__hover=&#8221;|||&#8221;][et_pb_text _builder_version=&#8221;4.22.1&#8243; header_3_text_color=&#8221;#086192&#8243; header_3_font_size=&#8221;28px&#8221; locked=&#8221;off&#8221; global_colors_info=&#8221;{}&#8221;]<\/p>\n<h3>Social media<\/h3>\n<p>[\/et_pb_text][et_pb_text _builder_version=&#8221;4.23&#8243; global_colors_info=&#8221;{}&#8221;]<a href=\"https:\/\/www.facebook.com\/profile.php?id=100088898121647\"><img loading=\"lazy\" decoding=\"async\" src=\"\/wp-content\/uploads\/2023\/08\/facebook_icon.png\" alt=\"facebook_icon\" width=\"60\" height=\"60\" \/><\/a> <a href=\"https:\/\/www.linkedin.com\/company\/omegawind\/?miniCompanyUrn=urn%3Ali%3Afs_miniCompany%3A88423120\"><img loading=\"lazy\" decoding=\"async\" src=\"\/wp-content\/uploads\/2023\/08\/linkedin_icon.png\" alt=\"linkedin_icon\" width=\"60\" height=\"60\" \/><\/a>[\/et_pb_text][\/et_pb_column][et_pb_column type=&#8221;1_4&#8243; _builder_version=&#8221;4.16&#8243; custom_padding=&#8221;|||&#8221; global_colors_info=&#8221;{}&#8221; custom_padding__hover=&#8221;|||&#8221;][et_pb_image src=&#8221;https:\/\/omegawind.pl\/wp-content\/uploads\/2023\/09\/OmegaWind_logo_top.webp&#8221; alt=&#8221;Omegawind logo top&#8221; title_text=&#8221;OmegaWind_logo_top&#8221; src_last_edited=&#8221;off|desktop&#8221; _builder_version=&#8221;4.23&#8243; custom_margin=&#8221;10%||||false|false&#8221; global_colors_info=&#8221;{}&#8221;][\/et_pb_image][et_pb_image src=&#8221;https:\/\/omegawind.pl\/wp-content\/uploads\/2024\/07\/logoSysCert.png&#8221; title_text=&#8221;logoSysCert&#8221; _builder_version=&#8221;4.23.1&#8243; _module_preset=&#8221;default&#8221; global_colors_info=&#8221;{}&#8221;][\/et_pb_image][\/et_pb_column][\/et_pb_row][\/et_pb_section]<\/p>\n","protected":false},"excerpt":{"rendered":"<p>Meet The TeamZesp\u00f3\u0142 Zarz\u0105dzaj\u0105cy Projektami W Omega Wind rozumiemy, \u017ce wiatrowe projekty instalacyjne s\u0105 wynikiem skrupulatnego planowania, p\u0142ynnej koordynacji i niezachwianego zaanga\u017cowania w ich jako\u015b\u0107. Dlatego z dum\u0105 przedstawiamy nasz dedykowany Zesp\u00f3\u0142 Zarz\u0105dzania Projektami, grup\u0119 profesjonalist\u00f3w, kt\u00f3rzy stoj\u0105 na czele ka\u017cdego realizowanego przez nas projektu. Poznaj ekspert\u00f3w, kt\u00f3rzy zadbaj\u0105 o ka\u017cdy projekt. Nasz zesp\u00f3\u0142 kieruje [&hellip;]<\/p>\n","protected":false},"author":1,"featured_media":0,"parent":0,"menu_order":0,"comment_status":"closed","ping_status":"closed","template":"","meta":{"_et_pb_use_builder":"on","_et_pb_old_content":"","_et_gb_content_width":"","footnotes":""},"class_list":["post-398","page","type-page","status-publish","hentry"],"yoast_head":"<!-- This site is optimized with the Yoast SEO plugin v21.8 - https:\/\/yoast.com\/wordpress\/plugins\/seo\/ -->\n<title>Meet The Team - OmegaWind<\/title>\n<meta name=\"robots\" content=\"index, follow, max-snippet:-1, max-image-preview:large, max-video-preview:-1\" \/>\n<link rel=\"canonical\" href=\"https:\/\/omegawind.pl\/index.php\/meet-the-team-2\/\" \/>\n<meta property=\"og:locale\" content=\"pl_PL\" \/>\n<meta property=\"og:type\" content=\"article\" \/>\n<meta property=\"og:title\" content=\"Meet The Team - OmegaWind\" \/>\n<meta property=\"og:description\" content=\"Meet The TeamZesp\u00f3\u0142 Zarz\u0105dzaj\u0105cy Projektami W Omega Wind rozumiemy, \u017ce wiatrowe projekty instalacyjne s\u0105 wynikiem skrupulatnego planowania, p\u0142ynnej koordynacji i niezachwianego zaanga\u017cowania w ich jako\u015b\u0107. Dlatego z dum\u0105 przedstawiamy nasz dedykowany Zesp\u00f3\u0142 Zarz\u0105dzania Projektami, grup\u0119 profesjonalist\u00f3w, kt\u00f3rzy stoj\u0105 na czele ka\u017cdego realizowanego przez nas projektu. Poznaj ekspert\u00f3w, kt\u00f3rzy zadbaj\u0105 o ka\u017cdy projekt. Nasz zesp\u00f3\u0142 kieruje [&hellip;]\" \/>\n<meta property=\"og:url\" content=\"https:\/\/omegawind.pl\/index.php\/meet-the-team-2\/\" \/>\n<meta property=\"og:site_name\" content=\"OmegaWind\" \/>\n<meta property=\"article:publisher\" content=\"https:\/\/www.facebook.com\/people\/Omega-Wind\/100088898121647\/\" \/>\n<meta property=\"article:modified_time\" content=\"2025-12-12T12:08:37+00:00\" \/>\n<meta name=\"twitter:card\" content=\"summary_large_image\" \/>\n<meta name=\"twitter:label1\" content=\"Szacowany czas czytania\" \/>\n\t<meta name=\"twitter:data1\" content=\"6 minut\" \/>\n<script type=\"application\/ld+json\" class=\"yoast-schema-graph\">{\"@context\":\"https:\/\/schema.org\",\"@graph\":[{\"@type\":\"WebPage\",\"@id\":\"https:\/\/omegawind.pl\/index.php\/meet-the-team-2\/\",\"url\":\"https:\/\/omegawind.pl\/index.php\/meet-the-team-2\/\",\"name\":\"Meet The Team - OmegaWind\",\"isPartOf\":{\"@id\":\"https:\/\/omegawind.pl\/#website\"},\"datePublished\":\"2023-10-23T21:20:51+00:00\",\"dateModified\":\"2025-12-12T12:08:37+00:00\",\"breadcrumb\":{\"@id\":\"https:\/\/omegawind.pl\/index.php\/meet-the-team-2\/#breadcrumb\"},\"inLanguage\":\"pl-PL\",\"potentialAction\":[{\"@type\":\"ReadAction\",\"target\":[\"https:\/\/omegawind.pl\/index.php\/meet-the-team-2\/\"]}]},{\"@type\":\"BreadcrumbList\",\"@id\":\"https:\/\/omegawind.pl\/index.php\/meet-the-team-2\/#breadcrumb\",\"itemListElement\":[{\"@type\":\"ListItem\",\"position\":1,\"name\":\"Strona g\u0142\u00f3wna\",\"item\":\"https:\/\/omegawind.pl\/\"},{\"@type\":\"ListItem\",\"position\":2,\"name\":\"Meet The Team\"}]},{\"@type\":\"WebSite\",\"@id\":\"https:\/\/omegawind.pl\/#website\",\"url\":\"https:\/\/omegawind.pl\/\",\"name\":\"OmegaWind\",\"description\":\"Monta\u017c i obs\u0142uga techniczna farm wiatrowych\",\"publisher\":{\"@id\":\"https:\/\/omegawind.pl\/#organization\"},\"potentialAction\":[{\"@type\":\"SearchAction\",\"target\":{\"@type\":\"EntryPoint\",\"urlTemplate\":\"https:\/\/omegawind.pl\/?s={search_term_string}\"},\"query-input\":\"required name=search_term_string\"}],\"inLanguage\":\"pl-PL\"},{\"@type\":\"Organization\",\"@id\":\"https:\/\/omegawind.pl\/#organization\",\"name\":\"OmegaWind\",\"url\":\"https:\/\/omegawind.pl\/\",\"logo\":{\"@type\":\"ImageObject\",\"inLanguage\":\"pl-PL\",\"@id\":\"https:\/\/omegawind.pl\/#\/schema\/logo\/image\/\",\"url\":\"https:\/\/omegawind.pl\/wp-content\/uploads\/2023\/09\/OmegaWind_logo_top.webp\",\"contentUrl\":\"https:\/\/omegawind.pl\/wp-content\/uploads\/2023\/09\/OmegaWind_logo_top.webp\",\"width\":300,\"height\":46,\"caption\":\"OmegaWind\"},\"image\":{\"@id\":\"https:\/\/omegawind.pl\/#\/schema\/logo\/image\/\"},\"sameAs\":[\"https:\/\/www.facebook.com\/people\/Omega-Wind\/100088898121647\/\"]}]}<\/script>\n<!-- \/ Yoast SEO plugin. -->","yoast_head_json":{"title":"Meet The Team - OmegaWind","robots":{"index":"index","follow":"follow","max-snippet":"max-snippet:-1","max-image-preview":"max-image-preview:large","max-video-preview":"max-video-preview:-1"},"canonical":"https:\/\/omegawind.pl\/index.php\/meet-the-team-2\/","og_locale":"pl_PL","og_type":"article","og_title":"Meet The Team - OmegaWind","og_description":"Meet The TeamZesp\u00f3\u0142 Zarz\u0105dzaj\u0105cy Projektami W Omega Wind rozumiemy, \u017ce wiatrowe projekty instalacyjne s\u0105 wynikiem skrupulatnego planowania, p\u0142ynnej koordynacji i niezachwianego zaanga\u017cowania w ich jako\u015b\u0107. Dlatego z dum\u0105 przedstawiamy nasz dedykowany Zesp\u00f3\u0142 Zarz\u0105dzania Projektami, grup\u0119 profesjonalist\u00f3w, kt\u00f3rzy stoj\u0105 na czele ka\u017cdego realizowanego przez nas projektu. Poznaj ekspert\u00f3w, kt\u00f3rzy zadbaj\u0105 o ka\u017cdy projekt. Nasz zesp\u00f3\u0142 kieruje [&hellip;]","og_url":"https:\/\/omegawind.pl\/index.php\/meet-the-team-2\/","og_site_name":"OmegaWind","article_publisher":"https:\/\/www.facebook.com\/people\/Omega-Wind\/100088898121647\/","article_modified_time":"2025-12-12T12:08:37+00:00","twitter_card":"summary_large_image","twitter_misc":{"Szacowany czas czytania":"6 minut"},"schema":{"@context":"https:\/\/schema.org","@graph":[{"@type":"WebPage","@id":"https:\/\/omegawind.pl\/index.php\/meet-the-team-2\/","url":"https:\/\/omegawind.pl\/index.php\/meet-the-team-2\/","name":"Meet The Team - OmegaWind","isPartOf":{"@id":"https:\/\/omegawind.pl\/#website"},"datePublished":"2023-10-23T21:20:51+00:00","dateModified":"2025-12-12T12:08:37+00:00","breadcrumb":{"@id":"https:\/\/omegawind.pl\/index.php\/meet-the-team-2\/#breadcrumb"},"inLanguage":"pl-PL","potentialAction":[{"@type":"ReadAction","target":["https:\/\/omegawind.pl\/index.php\/meet-the-team-2\/"]}]},{"@type":"BreadcrumbList","@id":"https:\/\/omegawind.pl\/index.php\/meet-the-team-2\/#breadcrumb","itemListElement":[{"@type":"ListItem","position":1,"name":"Strona g\u0142\u00f3wna","item":"https:\/\/omegawind.pl\/"},{"@type":"ListItem","position":2,"name":"Meet The Team"}]},{"@type":"WebSite","@id":"https:\/\/omegawind.pl\/#website","url":"https:\/\/omegawind.pl\/","name":"OmegaWind","description":"Monta\u017c i obs\u0142uga techniczna farm wiatrowych","publisher":{"@id":"https:\/\/omegawind.pl\/#organization"},"potentialAction":[{"@type":"SearchAction","target":{"@type":"EntryPoint","urlTemplate":"https:\/\/omegawind.pl\/?s={search_term_string}"},"query-input":"required name=search_term_string"}],"inLanguage":"pl-PL"},{"@type":"Organization","@id":"https:\/\/omegawind.pl\/#organization","name":"OmegaWind","url":"https:\/\/omegawind.pl\/","logo":{"@type":"ImageObject","inLanguage":"pl-PL","@id":"https:\/\/omegawind.pl\/#\/schema\/logo\/image\/","url":"https:\/\/omegawind.pl\/wp-content\/uploads\/2023\/09\/OmegaWind_logo_top.webp","contentUrl":"https:\/\/omegawind.pl\/wp-content\/uploads\/2023\/09\/OmegaWind_logo_top.webp","width":300,"height":46,"caption":"OmegaWind"},"image":{"@id":"https:\/\/omegawind.pl\/#\/schema\/logo\/image\/"},"sameAs":["https:\/\/www.facebook.com\/people\/Omega-Wind\/100088898121647\/"]}]}},"_links":{"self":[{"href":"https:\/\/omegawind.pl\/index.php\/wp-json\/wp\/v2\/pages\/398","targetHints":{"allow":["GET"]}}],"collection":[{"href":"https:\/\/omegawind.pl\/index.php\/wp-json\/wp\/v2\/pages"}],"about":[{"href":"https:\/\/omegawind.pl\/index.php\/wp-json\/wp\/v2\/types\/page"}],"author":[{"embeddable":true,"href":"https:\/\/omegawind.pl\/index.php\/wp-json\/wp\/v2\/users\/1"}],"replies":[{"embeddable":true,"href":"https:\/\/omegawind.pl\/index.php\/wp-json\/wp\/v2\/comments?post=398"}],"version-history":[{"count":11,"href":"https:\/\/omegawind.pl\/index.php\/wp-json\/wp\/v2\/pages\/398\/revisions"}],"predecessor-version":[{"id":726,"href":"https:\/\/omegawind.pl\/index.php\/wp-json\/wp\/v2\/pages\/398\/revisions\/726"}],"wp:attachment":[{"href":"https:\/\/omegawind.pl\/index.php\/wp-json\/wp\/v2\/media?parent=398"}],"curies":[{"name":"wp","href":"https:\/\/api.w.org\/{rel}","templated":true}]}}